{"id":629,"date":"2022-09-13T12:03:53","date_gmt":"2022-09-13T12:03:53","guid":{"rendered":"https:\/\/www.alfains.cz\/?page_id=629"},"modified":"2023-06-15T10:57:17","modified_gmt":"2023-06-15T10:57:17","slug":"nabidka-prodej","status":"publish","type":"page","link":"https:\/\/www.alfains.cz\/index.php\/nabidka-prodej\/","title":{"rendered":"Nab\u00eddka &#8211; prodej"},"content":{"rendered":"\n<p class=\"has-large-font-size\"><strong>Pohled\u00e1vky<\/strong><\/p>\n\n\n\n<figure class=\"wp-block-embed is-type-wp-embed is-provider-burza-spravcu wp-block-embed-burza-spravcu\"><div class=\"wp-block-embed__wrapper\">\n<blockquote class=\"wp-embedded-content\" data-secret=\"asIcP13fXT\"><a href=\"https:\/\/www.burzaspravcu.cz\/inzerat\/soubor-pohledavek-spolecnosti-frimar-doprava-s-r-o\/\">Soubor pohled\u00e1vek spole\u010dnosti FRIMAR DOPRAVA s.r.o.<\/a><\/blockquote><iframe loading=\"lazy\" class=\"wp-embedded-content\" sandbox=\"allow-scripts\" security=\"restricted\" style=\"position: absolute; clip: rect(1px, 1px, 1px, 1px);\" title=\"&#8222;Soubor pohled\u00e1vek spole\u010dnosti FRIMAR DOPRAVA s.r.o.&#8220; &#8212; Burza spr\u00e1vc\u016f\" src=\"https:\/\/www.burzaspravcu.cz\/inzerat\/soubor-pohledavek-spolecnosti-frimar-doprava-s-r-o\/embed\/#?secret=5JAfGS6Hpl#?secret=asIcP13fXT\" data-secret=\"asIcP13fXT\" width=\"600\" height=\"338\" frameborder=\"0\" marginwidth=\"0\" marginheight=\"0\" scrolling=\"no\"><\/iframe>\n<\/div><\/figure>\n\n\n\n<figure class=\"wp-block-embed is-type-wp-embed is-provider-burza-spravcu wp-block-embed-burza-spravcu\"><div class=\"wp-block-embed__wrapper\">\n<blockquote class=\"wp-embedded-content\" data-secret=\"39kgRVz1gy\"><a href=\"https:\/\/www.burzaspravcu.cz\/inzerat\/prodej-pohledavky-dluznika-7\/\">PRODEJ POHLED\u00c1VKY DLU\u017dN\u00cdKA<\/a><\/blockquote><iframe loading=\"lazy\" class=\"wp-embedded-content\" sandbox=\"allow-scripts\" security=\"restricted\" style=\"position: absolute; clip: rect(1px, 1px, 1px, 1px);\" title=\"&#8222;PRODEJ POHLED\u00c1VKY DLU\u017dN\u00cdKA&#8220; &#8212; Burza spr\u00e1vc\u016f\" src=\"https:\/\/www.burzaspravcu.cz\/inzerat\/prodej-pohledavky-dluznika-7\/embed\/#?secret=lyObNfNVtr#?secret=39kgRVz1gy\" data-secret=\"39kgRVz1gy\" width=\"600\" height=\"338\" frameborder=\"0\" marginwidth=\"0\" marginheight=\"0\" scrolling=\"no\"><\/iframe>\n<\/div><\/figure>\n\n\n\n<figure class=\"wp-block-embed is-type-wp-embed is-provider-burza-spravcu wp-block-embed-burza-spravcu\"><div class=\"wp-block-embed__wrapper\">\n<blockquote class=\"wp-embedded-content\" data-secret=\"Wdi98m5UJQ\"><a href=\"https:\/\/www.burzaspravcu.cz\/inzerat\/nabidka-pohledavky-spolecnosti-elko-trading-spol-s-r-o\/\">Nab\u00eddka pohled\u00e1vek spole\u010dnosti ELKO TRADING, spol. s r.o.<\/a><\/blockquote><iframe loading=\"lazy\" class=\"wp-embedded-content\" sandbox=\"allow-scripts\" security=\"restricted\" style=\"position: absolute; clip: rect(1px, 1px, 1px, 1px);\" title=\"&#8222;Nab\u00eddka pohled\u00e1vek spole\u010dnosti ELKO TRADING, spol. s r.o.&#8220; &#8212; Burza spr\u00e1vc\u016f\" src=\"https:\/\/www.burzaspravcu.cz\/inzerat\/nabidka-pohledavky-spolecnosti-elko-trading-spol-s-r-o\/embed\/#?secret=TDhzjD9pSt#?secret=Wdi98m5UJQ\" data-secret=\"Wdi98m5UJQ\" width=\"600\" height=\"338\" frameborder=\"0\" marginwidth=\"0\" marginheight=\"0\" scrolling=\"no\"><\/iframe>\n<\/div><\/figure>\n\n\n\n<h2 class=\"wp-block-heading has-small-font-size\"><strong>Movit\u00fd majetek<\/strong><\/h2>\n\n\n\n<figure class=\"wp-block-embed is-type-wp-embed is-provider-burza-spravcu wp-block-embed-burza-spravcu\"><div class=\"wp-block-embed__wrapper\">\n<blockquote class=\"wp-embedded-content\" data-secret=\"n55EK9QvjN\"><a href=\"https:\/\/www.burzaspravcu.cz\/inzerat\/osobni-automobil-skoda-fabia-14-mpi-r-v-2002\/\">Osobn\u00ed automobil  \u0160koda Fabia 1,4 MPI, r.v. 2002<\/a><\/blockquote><iframe loading=\"lazy\" class=\"wp-embedded-content\" sandbox=\"allow-scripts\" security=\"restricted\" style=\"position: absolute; clip: rect(1px, 1px, 1px, 1px);\" title=\"&#8222;Osobn\u00ed automobil  \u0160koda Fabia 1,4 MPI, r.v. 2002&#8220; &#8212; Burza spr\u00e1vc\u016f\" src=\"https:\/\/www.burzaspravcu.cz\/inzerat\/osobni-automobil-skoda-fabia-14-mpi-r-v-2002\/embed\/#?secret=hyKilGPSxy#?secret=n55EK9QvjN\" data-secret=\"n55EK9QvjN\" width=\"600\" height=\"338\" frameborder=\"0\" marginwidth=\"0\" marginheight=\"0\" scrolling=\"no\"><\/iframe>\n<\/div><\/figure>\n\n\n\n<h2 class=\"wp-block-heading has-large-font-size\"><strong>Nemovit\u00fd majetek <\/strong><\/h2>\n\n\n\n<figure class=\"wp-block-embed is-type-wp-embed is-provider-burza-spravcu wp-block-embed-burza-spravcu\"><div class=\"wp-block-embed__wrapper\">\n<blockquote class=\"wp-embedded-content\" data-secret=\"NGZxH23CYW\"><a href=\"https:\/\/www.burzaspravcu.cz\/inzerat\/prodej-podilu-orna-puda-2\/\">PRODEJ POD\u00cdLU &#8211; ORN\u00c1 P\u016eDA<\/a><\/blockquote><iframe loading=\"lazy\" class=\"wp-embedded-content\" sandbox=\"allow-scripts\" security=\"restricted\" style=\"position: absolute; clip: rect(1px, 1px, 1px, 1px);\" title=\"&#8222;PRODEJ POD\u00cdLU &#8211; ORN\u00c1 P\u016eDA&#8220; &#8212; Burza spr\u00e1vc\u016f\" src=\"https:\/\/www.burzaspravcu.cz\/inzerat\/prodej-podilu-orna-puda-2\/embed\/#?secret=EM6lNMRimI#?secret=NGZxH23CYW\" data-secret=\"NGZxH23CYW\" width=\"600\" height=\"338\" frameborder=\"0\" marginwidth=\"0\" marginheight=\"0\" scrolling=\"no\"><\/iframe>\n<\/div><\/figure>\n\n\n\n<figure class=\"wp-block-embed is-type-wp-embed is-provider-burza-spravcu wp-block-embed-burza-spravcu\"><div class=\"wp-block-embed__wrapper\">\n<blockquote class=\"wp-embedded-content\" data-secret=\"tVwj8PNQkR\"><a href=\"https:\/\/www.burzaspravcu.cz\/inzerat\/prodej-orne-pudy_trsice\/\">Prodej orn\u00e9 p\u016fdy_Hostkovice, obec Tr\u0161ice<\/a><\/blockquote><iframe loading=\"lazy\" class=\"wp-embedded-content\" sandbox=\"allow-scripts\" security=\"restricted\" style=\"position: absolute; clip: rect(1px, 1px, 1px, 1px);\" title=\"&#8222;Prodej orn\u00e9 p\u016fdy_Hostkovice, obec Tr\u0161ice&#8220; &#8212; Burza spr\u00e1vc\u016f\" src=\"https:\/\/www.burzaspravcu.cz\/inzerat\/prodej-orne-pudy_trsice\/embed\/#?secret=YyFvTKxBhT#?secret=tVwj8PNQkR\" data-secret=\"tVwj8PNQkR\" width=\"600\" height=\"338\" frameborder=\"0\" marginwidth=\"0\" marginheight=\"0\" scrolling=\"no\"><\/iframe>\n<\/div><\/figure>\n\n\n\n<h2 class=\"wp-block-heading has-large-font-size\"><strong>Ostatn\u00ed majetek<\/strong><\/h2>\n\n\n\n<p><\/p>\n\n\n\n<p><\/p>\n","protected":false},"excerpt":{"rendered":"<p>Pohled\u00e1vky Movit\u00fd majetek Nemovit\u00fd majetek Ostatn\u00ed majetek<\/p>\n","protected":false},"author":1,"featured_media":0,"parent":0,"menu_order":0,"comment_status":"closed","ping_status":"closed","template":"","meta":{"footnotes":""},"class_list":["post-629","page","type-page","status-publish","hentry"],"_links":{"self":[{"href":"https:\/\/www.alfains.cz\/index.php\/wp-json\/wp\/v2\/pages\/629","targetHints":{"allow":["GET"]}}],"collection":[{"href":"https:\/\/www.alfains.cz\/index.php\/wp-json\/wp\/v2\/pages"}],"about":[{"href":"https:\/\/www.alfains.cz\/index.php\/wp-json\/wp\/v2\/types\/page"}],"author":[{"embeddable":true,"href":"https:\/\/www.alfains.cz\/index.php\/wp-json\/wp\/v2\/users\/1"}],"replies":[{"embeddable":true,"href":"https:\/\/www.alfains.cz\/index.php\/wp-json\/wp\/v2\/comments?post=629"}],"version-history":[{"count":48,"href":"https:\/\/www.alfains.cz\/index.php\/wp-json\/wp\/v2\/pages\/629\/revisions"}],"predecessor-version":[{"id":736,"href":"https:\/\/www.alfains.cz\/index.php\/wp-json\/wp\/v2\/pages\/629\/revisions\/736"}],"wp:attachment":[{"href":"https:\/\/www.alfains.cz\/index.php\/wp-json\/wp\/v2\/media?parent=629"}],"curies":[{"name":"wp","href":"https:\/\/api.w.org\/{rel}","templated":true}]}}